omposite number?
False
Is 2422776617 composite?
False
Is 1955160589 prime?
True
Is 102897173 prime?
False
Is 1060248757 composite?
False
Is 890850641 composite?
True
Is 2248651763 prime?
True
Is 1175717363 a prime number?
False
Is 97011335753 a composite number?
True
Is 16880858633 composite?
False
Is 12198607327 a composite number?
False
Is 367447063 a prime number?
False
Is 36616224587 prime?
True
Is 1739596879 prime?
True
Is 18659539183 a composite number?
False
Is 113860303747 a composite number?
True
Is 385524433 a prime number?
False
Is 1071733529 composite?
False
Is 3270971747 a composite number?
True
Is 2811706511 composite?
True
Is 1432441427 a prime number?
False
Is 791586787 a prime number?
False
Is 5001781357 prime?
True
Is 2882237747 a composite number?
False
Is 81284605729 composite?
False
Is 2762573893 a prime number?
False
Is 4950496277 composite?
False
Is 14008532599 composite?
False
Is 127826201 composite?
False
Is 4632809 composite?
False
Is 3154358941 a composite number?
True
Is 77225404029 prime?
False
Is 67268113751 prime?
True
Is 80228351 a prime number?
False
Is 2382120745 prime?
False
Is 6743058353 composite?
True
Is 12923024527 a composite number?
True
Is 1190681743 prime?
True
Is 28929917 a composite number?
True
Is 56927603303 a composite number?
False
Is 8877628031 prime?
False
Is 13342360991 composite?
False
Is 1469281353 a prime number?
False
Is 515024581 a prime number?
True
Is 13916805619 prime?
True
Is 11577571771 composite?
False
Is 12349878517 a prime number?
True
Is 11139865951 a prime number?
True
Is 36440562227 a composite number?
False
Is 275901839 composite?
True
Is 1430594027 a prime number?
True
Is 4113235267 a composite number?
False
Is 20422415287 a composite number?
True
Is 1238419103 composite?
True
Is 76528064651 a composite number?
True
Is 50407751783 prime?
False
Is 59995330783 a composite number?
True
Is 13317310261 prime?
True
Is 57277201627 prime?
False
Is 4372759399 composite?
True
Is 94147813 a prime number?
False
Is 94583334179 composite?
False
Is 16083053243 prime?
True
Is 3360251927 composite?
False
Is 1502800861 composite?
True
Is 69741809287 composite?
False
Is 826820971 a prime number?
True
Is 82712899 a prime number?
False
Is 543637597 prime?
False
Is 15633256703 a composite number?
False
Is 7837957027 a prime number?
False
Is 820880519 prime?
False
Is 1832118731 a prime number?
True
Is 4234259039 prime?
False
Is 3166246367 composite?
False
Is 15484143527 composite?
False
Is 4374124559 composite?
True
Is 6585219077 prime?
True
Is 67558751719 a composite number?
True
Is 44023139 a composite number?
True
Is 99344180147 prime?
True
Is 2486090039 prime?
True
Is 3919138667 a prime number?
True
Is 200698873 a composite number?
True
Is 316402641497 a composite number?
False
Is 1656398251 composite?
True
Is 27077510501 composite?
False
Is 15205929367 a prime number?
True
Is 9840123019 a composite number?
False
Is 3613138271 a prime number?
True
Is 37429767283 a prime number?
True
Is 1079935601 prime?
False
Is 1682014489 prime?
True
Is 3721742929 prime?
False
Is 1363188481 a prime number?
False
Is 3102577501 composite?
True
Is 36118010686 prime?
False
Is 1585387711 composite?
True
Is 2865826591 composite?
False
Is 15371281 prime?
False
Is 2206311589 a composite number?
True
Is 16609286879 a composite number?
False
Is 2508701 a composite number?
True
Is 26025614521 composite?
True
Is 9837885833 a composite number?
True
Is 6536587951 a prime number?
True
Is 275342861 composite?
True
Is 37851927 a composite number?
True
Is 30225851659 prime?
True
Is 66805473871 a prime number?
False
Is 21420139487 a prime number?
True
Is 436893083 prime?
False
Is 33670500079 prime?
True
Is 829810699 a prime number?
True
Is 3353691047 composite?
True
Is 529399609 prime?
False
Is 636717547 a prime number?
True
Is 26718603421 a composite number?
False
Is 5916805486 composite?
True
Is 11756004643 a composite number?
True
Is 65687395607 prime?
True
Is 800873569 prime?
False
Is 601849597 composite?
True
Is 3916133 a prime number?
False
Is 35342063 prime?
True
Is 57356857 a prime number?
False
Is 124851124241 a prime number?
False
Is 138410132167 a prime number?
False
Is 1526974739 a composite number?
True
Is 32323033 a composite number?
False
Is 4027828261 prime?
False
Is 3032070961 composite?
False
Is 8450748245 a composite number?
True
Is 138832380122 prime?
False
Is 10346032181 composite?
False
Is 411736987 a composite number?
True
Is 1315571207 a composite number?
True
Is 171900499 a composite number?
False
Is 5372581867 composite?
True
Is 46982647769 composite?
False
Is 116799746599 composite?
False
Is 17272371887 composite?
False
Is 207896089 prime?
True
Is 104672478773 prime?
False
Is 7403209397 a composite number?
True
Is 1520602003 composite?
False
Is 718530853 composite?
False
Is 10109671577 a composite number?
False
Is 26150434517 prime?
True
Is 225418245079 prime?
True
Is 1015272893 composite?
True
Is 1667850113 a prime number?
False
Is 1124641367 prime?
True
Is 2713790333 composite?
True
Is 10086347093 a prime number?
False
Is 1797343733 prime?
True
Is 15136381049 a prime number?
True
Is 402621991 composite?
True
Is 3390385579 prime?
False
Is 598321013 a composite number?
False
Is 9593246629 composite?
False
Is 18118791541 a composite number?
True
Is 926163857 a composite number?
True
Is 399786014 prime?
False
Is 1201176797 prime?
True
Is 13434213443 a prime number?
False
Is 679798849 a prime number?
False
Is 910282807 prime?
False
Is 3266553079 prime?
True
Is 8204865559 composite?
True
Is 56840131391 a composite number?
False
Is 23192529697 a composite number?
False
Is 3420353689 composite?
False
Is 1122820823 prime?
True
Is 5740386649 a prime number?
True
Is 110475645821 prime?
False
Is 108177461974 prime?
False
Is 5408977694 prime?
False
Is 25241374463 prime?
False
Is 7715615119 composite?
False
Is 11472974129 a composite number?
False
Is 88239959 a composite number?
False
Is 43680122489 a prime number?
True
Is 36120200177 composite?
True
Is 12836220503 a prime number?
True
Is 35476413941 a prime number?
False
Is 1283301233 a prime number?
False
Is 1972562831 composite?
False
Is 5806797311 composite?
True
Is 12627695737 composite?
False
Is 42740521 a prime number?
True
Is 5718061586 composite?
True
Is 246752081 prime?
True
Is 84648251635 composite?
True
Is 3910167403 a composite number?
True
Is 10119443237 prime?
True
Is 7688874703 prime?
True
Is 213205322821 prime?
True
Is 15472976087 composite?
False
Is 7122784727 a prime number?
True
Is 4770579653 prime?
False
Is 3689399443 a prime number?
True
Is 2322790079 a composite number?
True
Is 4412194513 a prime number?
False
Is 39594437203 a prime number?
True
Is 591938773 prime?
True
Is 26538057941 prime?
False
Is 83091469 composite?
False
Is 4957143613 a composite number?
True
Is 4450885931 prime?
True
Is 425051539 a composite number?
True
Is 377580107 prime?
True
Is 264790799089 a prime number?
False
Is 28626803369 a composite number?
False
Is 14296182619 composite?
False
Is 97444378693 prime?
True
Is 117942509 composite?
True
Is 151268879 a composite number?
False
Is 35634786307 a prime number?
False
Is 6110799917 prime?
True
Is 2660737741 composite?
True
Is 982659387 prime?
False
Is 3452934811 composite?
True
Is 23983318399 a prime number?
False
Is 878845663 a prime number?
False
Is 8102306383 a composite number?
True
Is 1686731597 composite?
True
Is 26200609 a prime number?
True
Is 242148395 a composite number?
True
Is 10963171777 a prime number?
False
Is 428694499 prime?
False
Is 35344231309 a prime number?
True
Is 9757916941 composite?
True
Is 144202918 composite?
True
Is 16761251519 prime?
True
Is 761260589 composite?
False
Is 538872209 a composite number?
False
Is 46688107 a prime number?
False
Is 5709036553 composite?
True
Is 9702063253 composite?
False
Is 10473201649 prime?
True
Is 66924994709 prime?
True
Is 103237791773 a prime number?
True
Is 14808262009 composite?
True
Is 3798280217 a composite number?
False
Is 25417669913 prime?
False
Is 264450349 prime?
True
Is 322526563 a prime number?
False
Is 407735799 composite?
True
Is 4656061453 a composite number?
True
Is 268542037 composite?
False
Is 39839957 a prime number?
True
Is 289185804